
40
What is -201 (base 3) in base 12?
-17
What is 13 (base 8) in base 2?
1011
-65 (base 10) to base 9
-72
-9 (base 14) to base 3
-100
Convert 6 (base 11) to base 15.
6
2 (base 9) to base 12
2
Convert -1 (base 4) to base 14.
-1
What is 17 (base 10) in base 6?
25
What is 52 (base 8) in base 3?
1120
Convert -3 (base 6) to base 15.
-3
Convert -333 (base 4) to base 12.
-53
2 (base 16) to base 6
2
146 (base 11) to base 14
c3
-1 (base 14) to base 4
-1
What is -51 (base 9) in base 5?
-141
What is -1 (base 16) in base 4?
-1
What is 8 (base 15) in base 11?
8
What is 11 (base 9) in base 12?
a
5 (base 7) to base 13
5
What is -4 (base 5) in base 11?
-4
2a (base 13) to base 16
24
Convert 316 (base 9) to base 7.
516
-2 (base 3) to base 11
-2
Convert 0 (base 15) to base 4.
0
Convert 1221 (base 3) to base 13.
40
122 (base 3) to base 13
14
Convert -2 (base 3) to base 13.
-2
Convert 14 (base 16) to base 13.
17
-205 (base 7) to base 3
-10211
-2 (base 12) to base 15
-2
What is 5 (base 10) in base 5?
10
Convert 30 (base 11) to base 12.
29
1 (base 7) to base 14
1
What is -140 (base 11) in base 8?
-245
1011 (base 3) to base 11
29
Convert 11 (base 13) to base 4.
32
Convert 2233 (base 4) to base 10.
175
What is 6 (base 12) in base 16?
6
Convert 14 (base 8) to base 7.
15
What is -3 (base 6) in base 16?
-3
Convert -c4 (base 14) to base 2.
-10101100
What is 13 (base 12) in base 5?
30
-1 (base 8) to base 11
-1
1 (base 9) to base 15
1
What is 1 (base 2) in base 9?
1
Convert 3 (base 4) to base 10.
3
What is -8 (base 9) in base 4?
-20
What is -4b (base 14) in base 11?
-61
What is 5 (base 12) in base 5?
10
-3 (base 14) to base 15
-3
7 (base 8) to base 10
7
-2 (base 16) to base 9
-2
Convert 4a (base 11) to base 12.
46
What is -10100 (base 2) in base 12?
-18
Convert 51 (base 11) to base 14.
40
Convert -22 (base 5) to base 8.
-14
5 (base 12) to base 13
5
-2f (base 16) to base 11
-43
What is -c (base 13) in base 6?
-20
Convert -5 (base 9) to base 8.
-5
What is 11 (base 10) in base 2?
1011
Convert 162 (base 8) to base 2.
1110010
What is 3 (base 7) in base 15?
3
Convert 1 (base 8) to base 10.
1
What is 34 (base 5) in base 4?
103
4 (base 6) to base 12
4
What is -1222 (base 4) in base 14?
-78
Convert -100102 (base 3) to base 11.
-211
-1 (base 10) to base 4
-1
-13 (base 6) to base 10
-9
Convert -100001 (base 2) to base 6.
-53
24 (base 11) to base 9
28
21 (base 14) to base 2
11101
Convert -2 (base 14) to base 12.
-2
What is 12 (base 3) in base 9?
5
147 (base 12) to base 2
11000111
What is 32 (base 10) in base 4?
200
Convert 7 (base 12) to base 10.
7
-4 (base 12) to base 4
-10
What is 5 (base 9) in base 12?
5
-24 (base 14) to base 13
-26
0 (base 2) to base 9
0
1 (base 14) to base 16
1
What is 99 (base 12) in base 10?
117
Convert -32 (base 9) to base 4.
-131
Convert -2 (base 5) to base 6.
-2
What is 186 (base 12) in base 9?
303
What is -24 (base 6) in base 3?
-121
Convert -5 (base 15) to base 5.
-10
18 (base 9) to base 12
15
What is -76 (base 10) in base 11?
-6a
-44 (base 11) to base 8
-60
Convert -6 (base 15) to base 14.
-6
What is 131 (base 8) in base 12?
75
Convert 11 (base 2) to base 14.
3
Convert -461 (base 8) to base 11.
-258
1112 (base 3) to base 10
41
19 (base 13) to base 8
26
Convert 3 (base 16) to base 4.
3
1 (base 13) to base 7
1
0 (base 10) to base 2
0
1 (base 4) to base 7
1
What is c (base 14) in base 16?
c
Convert -3 (base 14) to base 10.
-3
-1 (base 11) to base 6
-1
47 (base 13) to base 14
43
Convert 133 (base 5) to base 13.
34
What is 147 (base 8) in base 14?
75
What is -10 (base 3) in base 6?
-3
What is 2 (base 15) in base 9?
2
Convert 106 (base 7) to base 9.
61
Convert 26 (base 11) to base 12.
24
Convert 2c (base 15) to base 11.
39
13 (base 4) to base 9
7
What is -1111010 (base 2) in base 6?
-322
What is 222 (base 3) in base 16?
1a
What is 25 (base 7) in base 3?
201
-6 (base 15) to base 12
-6
What is -10 (base 3) in base 9?
-3
Convert -2 (base 3) to base 2.
-10
Convert -123 (base 4) to base 14.
-1d
What is -130 (base 7) in base 15?
-4a
What is 0 (base 9) in base 4?
0
What is 5 (base 13) in base 15?
5
What is -310 (base 7) in base 14?
-b0
-16 (base 8) to base 3
-112
74 (base 10) to base 5
244
431 (base 5) to base 15
7b
What is -22 (base 3) in base 7?
-11
What is 6 (base 13) in base 11?
6
Convert -8 (base 9) to base 6.
-12
5 (base 7) to base 15
5
0 (base 12) to base 15
0
-24 (base 10) to base 12
-20
What is -36 (base 11) in base 2?
-100111
36 (base 15) to base 4
303
0 (base 2) to base 15
0
What is -101 (base 2) in base 10?
-5
Convert -424 (base 5) to base 6.
-310
Convert -3 (base 15) to base 16.
-3
What is -101 (base 2) in base 11?
-5
-4 (base 6) to base 9
-4
1 (base 5) to base 15
1
Convert 75 (base 9) to base 16.
44
Convert 0 (base 6) to base 4.
0
What is -6 (base 8) in base 10?
-6
-1 (base 6) to base 5
-1
133 (base 8) to base 4
1123
What is -88 (base 14) in base 12?
-a0
What is -14 (base 5) in base 11?
-9
Convert 0 (base 13) to base 3.
0
Convert 1000000 (base 2) to base 5.
224
Convert -17 (base 11) to base 9.
-20
What is -2 (base 13) in base 2?
-10
What is 4 (base 11) in base 14?
4
What is 2 (base 6) in base 3?
2
Convert -1 (base 2) to base 4.
-1
-38 (base 15) to base 9
-58
2 (base 10) to base 5
2
1120 (base 3) to base 8
52
-5 (base 6) to base 15
-5
What is 1 (base 14) in base 16?
1
-7 (base 11) to base 14
-7
-b (base 13) to base 2
-1011
a (base 13) to base 10
10
-a (base 14) to base 3
-101
2 (base 14) to base 12
2
Convert -24 (base 6) to base 11.
-15
Convert -28a (base 12) to base 10.
-394
What is -6 (base 13) in base 6?
-10
What is 4 (base 11) in base 8?
4
What is -35 (base 10) in base 9?
-38
What is -1 (base 5) in base 12?
-1
Convert 4 (base 15) to base 12.
4
What is -141 (base 5) in base 10?
-46
What is -1 (base 9) in base 7?
-1
Convert -52 (base 7) to base 2.
-100101
What is 1424 (base 5) in base 7?
461
What is 19 (base 12) in base 8?
25
What is -62 (base 7) in base 8?
-54
0 (base 9) to base 10
0
Convert 47 (base 8) to base 9.
43
What is 0 (base 10) in base 12?
0
What is 0 (base 16) in base 6?
0
2 (base 5) to base 2
10
What is -115 (base 16) in base 13?
-184
What is 5 (base 16) in base 8?
5
What is -12 (base 8) in base 12?
-a
What is 10 (base 4) in base 10?
4
146 (base 9) to base 15
83
-30 (base 10) to base 9
-33
Convert 33 (base 6) to base 7.
30
What is 0 (base 16) in base 5?
0
What is -22 (base 10) in base 3?
-211
-12 (base 11) to base 9
-14
24 (base 15) to base 6
54
Convert 9 (base 11) to base 3.
100
Convert 1 (base 11) to base 4.
1
Convert -2 (base 15) to base 3.
-2
What is 123 (base 6) in base 10?
51
Convert 2 (base 11) to base 6.
2
Convert -1001 (base 3) to base 15.
-1d
What is -7 (base 9) in base 15?
-7
What is 1a (base 11) in base 5?
41
What is 10 (base 2) in base 8?
2
Convert -1 (base 5) to base 9.
-1
What is -9e (base 15) in base 2?
-10010101
What is -210 (base 3) in base 14?
-17
-2 (base 10) to base 2
-10
What is c (base 14) in base 16?
c
131 (base 8) to base 12
75
What is 3 (base 8) in base 16?
3
11 (base 7) to base 12
8
Convert 3 (base 10) to base 8.
3
Convert 249 (base 10) to base 16.
f9
50 (base 11) to base 5
210
Convert -4 (base 6) to base 9.
-4
Convert -122 (base 4) to base 12.
-22
What is 1 (base 12) in base 11?
1
Convert 25 (base 8) to base 5.
41
What is 1 (base 14) in base 9?
1
Convert -102 (base 6) to base 16.
-26
What is -350 (base 9) in base 13?
-192
Convert 8 (base 12) to base 14.
8
What is -4 (base 14) in base 2?
-100
What is -7 (base 12) in base 6?
-11
What is 11 (base 16) in base 3?
122
22 (base 3) to base 11
8
What is 11 (base 7) in base 12?
8
Convert -1 (base 13) to base 4.
-1
-610 (base 8) to base 10
-392
What is -202 (base 6) in base 2?
-1001010
1220 (base 5) to base 4
2321
What is -1120 (base 3) in base 6?
-110
Convert 1 (base 3) to base 4.
1
What is -11110 (base 2) in base 10?
-30
Convert 5 (base 9) to base 7.
5
Convert -104 (base 6) to base 11.
-37
What is -173 (base 9) in base 13?
-b4
What is 0 (base 9) in base 12?
0
Convert -154 (base 6) to base 2.
-1000110
-4 (base 16) to base 9
-4
-50 (base 11) to base 13
-43
Convert 1333 (base 5) to base 2.
11011010
Convert -3 (base 9) to base 16.
-3
What is -2 (base 15) in base 12?
-2
What is -50 (base 15) in base 3?
-2210
Convert 2 (base 9) to base 7.
2
Convert 3 (base 10) to base 14.
3
